se 4*z + 4*l - 4046 = 3*z, 2*z - 8068 = -2*l. Let c = z - -1561. Is c prime?
True
Suppose 0 = 16*t - 2*t - 143122. Is t prime?
True
Let w be 4/6 - 98/21. Let m = 5 - w. Suppose -m*d + 55 = -4*d. Is d a composite number?
False
Suppose 0 = 163*o - 155*o - 9808. Suppose 0*t + 5*t + 4095 = 0. Let i = o + t. Is i a composite number?
True
Let k = -4482 - -19065. Is k a composite number?
True
Let x(g) = -g + 411. Let u(t) = -t + 16. Let w be u(16). Suppose -3*m + w*v = 3*v + 12, 4*v + 16 = 5*m. Is x(m) prime?
False
Suppose -5*s = 4*u - 28, 4*s = -0*u + 3*u + 10. Suppose -5*v - 4 = -s*v. Let j(m) = -23*m**3 - m + 1. Is j(v) prime?
False
Let c(s) = 3*s - 14. Let h be c(10). Let v = h + 9. Suppose -5*u = 5*k - 3*u - 2920, 5*u = -v. Is k a composite number?
True
Let c(l) = -l**3 + 2*l**2 + 4*l + 6. Let k be c(5). Suppose 5*p = 301 + 209. Let y = p + k. Is y composite?
False
Let l = -15 + 12. Is l - (1*-290)/5 a prime number?
False
Suppose -5*z + 942 = 3*c - c, 4*c = -3*z + 1912. Let g = c - 30. Is g a prime number?
False
Suppose 5*r - 1 = -2*g - 2*g, -2*r - 2*g = -2. Is 3/r + 4 + 323 a composite number?
True
Let r(q) = -3*q**2 - 37*q + 26. Let v be r(-13). Let n(g) be the third derivative of -g**5/60 + g**4/24 + 293*g**3/6 + g**2. Is n(v) composite?
False
Is 12/3 - -4 - -16119 prime?
True
Let v = -31 + 15. Let m be 1/2 + (-255)/(-10). Let n = v + m. Is n composite?
True
Suppose 10637 + 3463 = 5*f. Suppose f = a + 4*a. Suppose a = u - 154. Is u composite?
True
Suppose -18 - 27 = k. Is (-2)/(-6) + (-26400)/k a prime number?
True
Let p(o) = -o**3 + 4*o + 3. Let f be p(-2). Let d(u) = u - 3*u + f - u**2 - 3*u. Is d(-5) a composite number?
False
Suppose -84*n = -82*n - 12682. Is n a composite number?
True
Suppose -686*w = -688*w + 110626. Is w a prime number?
True
Suppose 8*p - 180326 - 134546 = 0. Is p a composite number?
False
Suppose -2*r = 5*m - 251575, -2*m - 45*r + 100619 = -42*r. Is m a composite number?
True
Suppose 5*r - 21 = -6. Let g(w) = -w**3 + 9*w**2 + 4*w + 12. Let i be g(7). Suppose -5*z + r*z + i = 0. Is z a composite number?
True
Let f = 901 - 416. Suppose 8*r - 3*r = f. Is r prime?
True
Let x(s) = 34*s**3 + 5*s**2 - 12*s + 2. Let u be x(8). Suppose m = -5*a + u, a + 3*a - 14107 = -m. Is a a composite number?
False
Is 751053/12 + 21/(-28) prime?
False
Let p = 240 + -234. Suppose 0 = 2*l - 3 - 3. Suppose l*d = 2*v + 1219, 0 = d - p*d + 2*v + 2025. Is d a composite number?
True
Let l(h) = 40*h**3 + h**2 + h - 1. Let v be l(1). Let m = v + -16. Is m a composite number?
True
Let v = 5 + 3. Let p = 8 - v. Suppose p = 2*r - 53 - 105. Is r composite?
False
Let w be ((-14)/(-2) - 0) + -2. Let c be ((-1)/(-1))/((-1)/w). Let u = 12 + c. Is u composite?
False
Let r = 30741 - 7810. Is r a prime number?
False
Suppose 2*v = 15 - 1. Let t = -7 + v. Suppose t = 2*o - 86 + 24. Is o prime?
True
Let a = -1995 - -6094. Is a a prime number?
True
Let c(f) = 2*f**2 - 18*f - 9. Let h be c(10). Suppose -h*s + 795 = -1658. Is s a composite number?
False
Let h = -21 + 21. Is -1511*(-1 + (h/(-3))/(-2)) prime?
True
Suppose 20*h - 508390 + 24810 = 0. Is h a composite number?
False
Let b = -5189 + 3684. Let z = b - -3326. Is z a prime number?
False
Suppose s + a - 5761 = 0, -3*s + 2*a + 17277 = 3*a. Is s composite?
True
Suppose 3*j - j = -18. Let s = 5 + j. Is 3 + 1 + 23 + s composite?
False
Let p(c) = 36*c**2 + 4*c - 3 - 4*c + 4*c. Is p(2) composite?
False
Suppose -2*f - 22*g + 19*g = -24139, 5*f + 4*g - 60351 = 0. Is f a prime number?
True
Suppose -q = 5*g - 4779, 2*g + 0*g - 2*q = 1902. Let i = 424 + g. Is i prime?
False
Suppose -5*t + 4*p + 2139 = 0, -4*t + 0*p = -3*p - 1711. Is t composite?
True
Suppose -b + 372 = -5*s, 1420 = 4*b - 0*s - 3*s. Suppose 2*u = i - u - 166, 0 = -2*i + u + b. Is ((-1)/(-2))/(1/i) a prime number?
True
Suppose -2*s + 10 = -0*s. Suppose 0 = 2*v + 2*b - 1042 - 70, s*v + 2*b = 2783. Is v a composite number?
False
Suppose -1502 = -3*j + 2302. Suppose -j = -4*k - 3*g, -k - 5*g = -0*g - 334. Suppose 0*u - 2*u = -k. Is u a composite number?
False
Suppose 107 = 2*t - 533. Let m = -525 + 750. Let p = t - m. Is p prime?
False
Let p(f) = -f**3 + 13*f**2 - 11*f - 8. Let j be p(12). Is (382/(-4))/(1*j/(-8)) composite?
False
Suppose -x - 3*x + 2*b = 2, 3 = 5*x + 3*b. Suppose x = q + q. Suppose 2*v - 614 + 112 = q. Is v prime?
True
Let p = 2 + 0. Suppose y + 18 = -4*j, -p*j - 12 = 3*j - 4*y. Is ((-998)/j)/(2/4) prime?
True
Let a = 187992 - 121519. Is a a composite number?
True
Let b(r) = r + 10. Let m be b(0). Suppose -7*v + m = -2*v. Suppose -4*q = q - 3*c - 95, v*q - 5*c = 19. Is q composite?
True
Let l(n) = 38*n**2 + 2*n + 431. Is l(-22) composite?
True
Let x(j) = 60*j**3 + 3*j**2 - 4*j + 3. Let n(q) = q**3 + 13*q**2 - q - 13. Let h be n(-13). Suppose b - 2 = -h*b. Is x(b) a prime number?
True
Suppose -25 = -5*v, -4*v + 3*v = -2*k + 8355. Is k/3 + 2/(-6) a prime number?
False
Let b(y) = -y**3 - 2*y**2 - y. Let u be b(-2). Suppose -4*t = 3*h - 4619, 3*t + u*h = 4*h + 3443. Is t composite?
False
Let y be (-6 + 7)/((-2)/8). Is y/4 + 124 + 0 a prime number?
False
Let u be 2/(-2 + (-24)/(-9)). Suppose 0 = 5*t + 20, 2*r - u*r + 24 = -5*t. Suppose 0 = -r*h + 2*k + 582, -3*k = h - 6*k - 158. Is h a prime number?
False
Suppose 10*a = 22*a - 19884. Is a a prime number?
True
Let t = 132 - 126. Suppose -5*a = z + 458 + 381, 0 = -z - 3*a - 841. Is (z/(-6))/(t/9) composite?
False
Let a(p) be the third derivative of p**5/60 - 3*p**4/4 + 19*p**3/3 - 27*p**2. Is a(-17) a composite number?
True
Let z be (-5)/(-8)*-2*(-7 + -1). Suppose 3*s + 609 = z*s. Is s prime?
False
Let g(i) = 4*i - 11. Let y be g(5). Let z(p) = 5*p**2 + 12*p - 11. Is z(y) a composite number?
True
Suppose 2*c + 11 = 81. Let s be 14/c + 918/5. Is (2/(-8))/((-2)/s) composite?
False
Let k = -5807 - -9777. Suppose -5*u + 3*u + k = 0. Is u composite?
True
Let d be (-1)/(-4) - 35/(-4). Is (-18)/12*(-948)/d + -1 prime?
True
Let x(w) = -2*w - 8. Suppose 3*r + 3*h + 21 = 0, 2*h = 4*r - 0*r + 28. Let d be x(r). Suppose -4*s + d*s = 382. Is s prime?
True
Suppose 2*x + t = 3, -3*t - 11 = -4*x - 0. Let v(c) = 36*c**2 + 5. Is v(x) prime?
True
Let t = -17 + 15. Let v(p) = -29*p**3 + 2*p**2 + 3*p + 1. Is v(t) a composite number?
True
Let i(w) = -3*w - 1. Let t(o) = -o. Let z(g) = i(g) - 4*t(g). Let v be z(6). Suppose v*k = 5*h - 650, -189 = -3*h - 2*k + 221. Is h a prime number?
False
Is (-16 - -261) + (0 - -6) a composite number?
False
Suppose -3*d = -2*g + 1, -2*d - 4*g = -0*g + 22. Let u be (2/d)/(28/7266). Let a = -16 - u. Is a composite?
False
Suppose 3*c - 7*c + 3032 = 0. Let s = c - 261. Is s a prime number?
False
Let z(y) = 26*y - 11. Let j be z(9). Let b = j + 156. Is b prime?
True
Suppose -4*o - 4*i - 68 = 0, -3*o = 2*o + 4*i + 80. Let b(l) = l**2 + 3*l + 1. Is b(o) prime?
True
Let a be (-6)/(-33) - 141/(-11). Suppose 0 = -3*p + a + 29. Suppose 4*q = p + 90. Is q a prime number?
False
Let g(m) be the second derivative of m**4/4 - 5*m**3/6 - 7*m**2/2 - m. Let f = 138 - 132. Is g(f) a composite number?
False
Suppose 1346 = 15*p - 13*p. Is p a prime number?
True
Let g = -26468 - -39087. Is g a prime number?
True
Let v(q) = 5*q + 3. Let i = -17 + 32. Let w be v(i). Let o = w + -20. Is o composite?
True
Let j = -65 + 13. Let w = 323 + j. Is w prime?
True
Suppose 41 = -5*h - 14. Suppose -w + 5*w = 0. Is 3/6*w - h prime?
True
Let i(w) = -13*w + 5. Let q = 20 + -27. Let x be i(q). Suppose 2*t - 158 = x. Is t a composite number?
False
Suppose 8*r - 3*r = -4*q + 19009, 4*q - 5*r = 18999. Is q a prime number?
True
Let r be 0/2 - (4 + (-2 - 1)). Is r/2 + (-78)/4*-1 a composite number?
False
Suppose 3*z = -4*c + 2260, 0 = -4*c - c - 5*z + 2820. Suppose -u = u - c. Suppose j - 5*m = -u + 743, 5*m = -4*j + 1886. Is j a composite number?
True
Let i(o) = 57*o - 7. Let s be i(3). Let d = 13 + s. Is 4/(-10) - d/(-5) composite?
True
Suppose -5*f = 5*g - 6690, -2*f - 2*f - 4042 = -3*g. Suppose -5*b + 11775 = -2*u, -b + 4*u - g = -3679. Is b a prime number?
True
Suppose -3327 = -f + 4*y, -3*f - y = -6*f + 10003. Suppose 0*j = 3*j - 2*z - f, -4*z = -20. Is j composite?
True
Let f = -8 + 13. Suppose -f*c - l = -6, -4*c + 2*l - 1 = -17. Is 93/((c + -3)/(-1)) a prime number?
False
Suppose 0*i + 4*z - 13 = -i, i - 5*z = -14. Le